{"id":45,"date":"2024-09-24T14:09:26","date_gmt":"2024-09-24T12:09:26","guid":{"rendered":"http:\/\/manrepse.es\/?page_id=45"},"modified":"2025-03-20T15:42:23","modified_gmt":"2025-03-20T14:42:23","slug":"mantenimiento-de-instalaciones","status":"publish","type":"page","link":"http:\/\/manrepse.es\/index.php\/mantenimiento-de-instalaciones\/","title":{"rendered":"Mantenimiento de instalaciones"},"content":{"rendered":"<div class=\"vce-row-container\" data-vce-boxed-width=\"true\"><div class=\"vce-row vce-row--col-gap-30 vce-row-equal-height vce-row-content--top\" id=\"el-e6c2c591\" data-vce-do-apply=\"all el-e6c2c591\"><div class=\"vce-row-content\" data-vce-element-content=\"true\"><div class=\"vce-col vce-col--md-auto vce-col--xs-1 vce-col--xs-last vce-col--xs-first vce-col--sm-last vce-col--sm-first vce-col--md-first vce-col--lg-first vce-col--xl-first\" id=\"el-4b0d9de2\"><div class=\"vce-col-inner\" data-vce-do-apply=\"border margin background  el-4b0d9de2\"><div class=\"vce-col-content\" data-vce-element-content=\"true\" data-vce-do-apply=\"padding el-4b0d9de2\"><div class=\"vce-text-block\"><div class=\"vce-text-block-wrapper vce\" id=\"el-c5e3bc51\" data-vce-do-apply=\"all el-c5e3bc51\"><div class=\" two-thirds\"><div class=\"wpb_text_column \"><div class=\"wpb_wrapper\"><h2>Mantenimiento de instalaciones Sevilla<\/h2><p>Ofrecemos servicio de mantenimiento para todo tipo de instalaciones, comunidades, locales comerciales, colegios, edificios p\u00fablicos, basados en dos \u00e1reas de trabajo y actuaciones.<\/p><ul><li><strong>MANTENIMIENTO PREVENTIVO<\/strong><\/li><\/ul><p>Estudiamos cada caso y desarrollamos los planes de mantenimiento preventivo adecuado a cada instalaci\u00f3n, as\u00ed solucionamos de forma proactiva cualquier incidencia que la instalaci\u00f3n pueda tener, nuestra experiencia de m\u00e1s de 30 a\u00f1os, nos hace actuar en aquellos puntos cr\u00edticos de las instalaciones antes de que pueda pasar.<\/p><ul><li><strong>MANTENIMIENTO CORRECTIVO<\/strong><\/li><\/ul><p>Atendemos los avisos de aver\u00eda a trav\u00e9s de personal especializado estudiando cada caso y aportando la mejor soluci\u00f3n al menor coste posible.<\/p><p>Todos los trabajos son planificados por nuestros t\u00e9cnicos y es valorado por nuestro jefe de proyectos, que analizan cada caso para darle la mejor soluci\u00f3n al menor coste. Adem\u00e1s cada trabajo es ejecutado por personal especializado lo que garantiza la calidad del servicio.<\/p><\/div><\/div><\/div><\/div><\/div><\/div><\/div><\/div><div class=\"vce-col vce-col--md-auto vce-col--xs-1 vce-col--xs-last vce-col--xs-first vce-col--sm-last vce-col--sm-first vce-col--md-last vce-col--lg-last vce-col--xl-last\" id=\"el-766ed658\"><div class=\"vce-col-inner\" data-vce-do-apply=\"border margin background  el-766ed658\"><div class=\"vce-col-content\" data-vce-element-content=\"true\" data-vce-do-apply=\"padding el-766ed658\"><div class=\"vce-single-image-container vce-single-image--align-left\"><div class=\"vce vce-single-image-wrapper\" id=\"el-005d4305\" data-vce-do-apply=\"all el-005d4305\"><figure><div class=\"vce-single-image-figure-inner\" style=\"width: 380px;\"><div class=\"vce-single-image-inner vce-single-image--absolute\" style=\"width: 100%; padding-bottom: 129.737%;\"><img loading=\"lazy\" decoding=\"async\" class=\"vce-single-image\"  width=\"380\" height=\"493\" srcset=\"http:\/\/manrepse.es\/wp-content\/uploads\/2024\/09\/mantenimiento-instalaciones-320x415.png 320w, http:\/\/manrepse.es\/wp-content\/uploads\/2024\/09\/mantenimiento-instalaciones-380x493.png 380w\" src=\"http:\/\/manrepse.es\/wp-content\/uploads\/2024\/09\/mantenimiento-instalaciones-380x493.png\" data-img-src=\"http:\/\/manrepse.es\/wp-content\/uploads\/2024\/09\/mantenimiento-instalaciones.png\" data-attachment-id=\"84\"  alt=\"\" title=\"mantenimiento-instalaciones\" \/><\/div><\/div><figcaption hidden=\"\"><\/figcaption><\/figure><\/div><\/div><\/div><\/div><\/div><\/div><\/div><\/div>\n","protected":false},"excerpt":{"rendered":"<p>Mantenimiento de instalaciones SevillaOfrecemos servicio de mantenimiento para todo tipo de instalaciones, comunidades, locales comerciales, colegios, edificios p\u00fablicos, basados en dos \u00e1reas de trabajo y actuaciones.MANTENIMIENTO PREVENTIVOEstudiamos cada caso y desarrollamos los planes de mantenimiento preventivo adecuado a cada instalaci\u00f3n, as\u00ed solucionamos de forma proactiva cualquier incidencia que la instalaci\u00f3n pueda tener, nuestra experiencia de [&hellip;]<\/p>\n","protected":false},"author":1,"featured_media":0,"parent":0,"menu_order":0,"comment_status":"closed","ping_status":"closed","template":"","meta":{"footnotes":""},"class_list":["post-45","page","type-page","status-publish","hentry"],"yoast_head":"<!-- This site is optimized with the Yoast SEO plugin v26.1.1 - https:\/\/yoast.com\/wordpress\/plugins\/seo\/ -->\n<title>Mantenimiento de instalaciones - Manrepse<\/title>\n<meta name=\"description\" content=\"Mantenimiento de instalaciones Sevilla. Servicio para todo tipo de instalaciones. Mantenimiento preventivo. Mantenimiento correctivo.\" \/>\n<meta name=\"robots\" content=\"index, follow, max-snippet:-1, max-image-preview:large, max-video-preview:-1\" \/>\n<link rel=\"canonical\" href=\"http:\/\/manrepse.es\/index.php\/mantenimiento-de-instalaciones\/\" \/>\n<meta property=\"og:locale\" content=\"es_ES\" \/>\n<meta property=\"og:type\" content=\"article\" \/>\n<meta property=\"og:title\" content=\"Mantenimiento de instalaciones - Manrepse\" \/>\n<meta property=\"og:description\" content=\"Mantenimiento de instalaciones Sevilla. Servicio para todo tipo de instalaciones. Mantenimiento preventivo. Mantenimiento correctivo.\" \/>\n<meta property=\"og:url\" content=\"http:\/\/manrepse.es\/index.php\/mantenimiento-de-instalaciones\/\" \/>\n<meta property=\"og:site_name\" content=\"Manrepse\" \/>\n<meta property=\"article:modified_time\" content=\"2025-03-20T14:42:23+00:00\" \/>\n<meta name=\"twitter:card\" content=\"summary_large_image\" \/>\n<meta name=\"twitter:label1\" content=\"Tiempo de lectura\" \/>\n\t<meta name=\"twitter:data1\" content=\"1 minuto\" \/>\n<script type=\"application\/ld+json\" class=\"yoast-schema-graph\">{\"@context\":\"https:\/\/schema.org\",\"@graph\":[{\"@type\":\"WebPage\",\"@id\":\"http:\/\/manrepse.es\/index.php\/mantenimiento-de-instalaciones\/\",\"url\":\"http:\/\/manrepse.es\/index.php\/mantenimiento-de-instalaciones\/\",\"name\":\"Mantenimiento de instalaciones - Manrepse\",\"isPartOf\":{\"@id\":\"http:\/\/manrepse.es\/#website\"},\"datePublished\":\"2024-09-24T12:09:26+00:00\",\"dateModified\":\"2025-03-20T14:42:23+00:00\",\"description\":\"Mantenimiento de instalaciones Sevilla. Servicio para todo tipo de instalaciones. Mantenimiento preventivo. Mantenimiento correctivo.\",\"breadcrumb\":{\"@id\":\"http:\/\/manrepse.es\/index.php\/mantenimiento-de-instalaciones\/#breadcrumb\"},\"inLanguage\":\"es\",\"potentialAction\":[{\"@type\":\"ReadAction\",\"target\":[\"http:\/\/manrepse.es\/index.php\/mantenimiento-de-instalaciones\/\"]}]},{\"@type\":\"BreadcrumbList\",\"@id\":\"http:\/\/manrepse.es\/index.php\/mantenimiento-de-instalaciones\/#breadcrumb\",\"itemListElement\":[{\"@type\":\"ListItem\",\"position\":1,\"name\":\"Portada\",\"item\":\"https:\/\/manrepse.es\/\"},{\"@type\":\"ListItem\",\"position\":2,\"name\":\"Mantenimiento de instalaciones\"}]},{\"@type\":\"WebSite\",\"@id\":\"http:\/\/manrepse.es\/#website\",\"url\":\"http:\/\/manrepse.es\/\",\"name\":\"Manrepse\",\"description\":\"Manrepse\",\"publisher\":{\"@id\":\"http:\/\/manrepse.es\/#organization\"},\"potentialAction\":[{\"@type\":\"SearchAction\",\"target\":{\"@type\":\"EntryPoint\",\"urlTemplate\":\"http:\/\/manrepse.es\/?s={search_term_string}\"},\"query-input\":{\"@type\":\"PropertyValueSpecification\",\"valueRequired\":true,\"valueName\":\"search_term_string\"}}],\"inLanguage\":\"es\"},{\"@type\":\"Organization\",\"@id\":\"http:\/\/manrepse.es\/#organization\",\"name\":\"Manrepse\",\"url\":\"http:\/\/manrepse.es\/\",\"logo\":{\"@type\":\"ImageObject\",\"inLanguage\":\"es\",\"@id\":\"http:\/\/manrepse.es\/#\/schema\/logo\/image\/\",\"url\":\"http:\/\/manrepse.es\/wp-content\/uploads\/2024\/09\/logo-copia.jpg\",\"contentUrl\":\"http:\/\/manrepse.es\/wp-content\/uploads\/2024\/09\/logo-copia.jpg\",\"width\":303,\"height\":85,\"caption\":\"Manrepse\"},\"image\":{\"@id\":\"http:\/\/manrepse.es\/#\/schema\/logo\/image\/\"}}]}<\/script>\n<!-- \/ Yoast SEO plugin. -->","yoast_head_json":{"title":"Mantenimiento de instalaciones - Manrepse","description":"Mantenimiento de instalaciones Sevilla. Servicio para todo tipo de instalaciones. Mantenimiento preventivo. Mantenimiento correctivo.","robots":{"index":"index","follow":"follow","max-snippet":"max-snippet:-1","max-image-preview":"max-image-preview:large","max-video-preview":"max-video-preview:-1"},"canonical":"http:\/\/manrepse.es\/index.php\/mantenimiento-de-instalaciones\/","og_locale":"es_ES","og_type":"article","og_title":"Mantenimiento de instalaciones - Manrepse","og_description":"Mantenimiento de instalaciones Sevilla. Servicio para todo tipo de instalaciones. Mantenimiento preventivo. Mantenimiento correctivo.","og_url":"http:\/\/manrepse.es\/index.php\/mantenimiento-de-instalaciones\/","og_site_name":"Manrepse","article_modified_time":"2025-03-20T14:42:23+00:00","twitter_card":"summary_large_image","twitter_misc":{"Tiempo de lectura":"1 minuto"},"schema":{"@context":"https:\/\/schema.org","@graph":[{"@type":"WebPage","@id":"http:\/\/manrepse.es\/index.php\/mantenimiento-de-instalaciones\/","url":"http:\/\/manrepse.es\/index.php\/mantenimiento-de-instalaciones\/","name":"Mantenimiento de instalaciones - Manrepse","isPartOf":{"@id":"http:\/\/manrepse.es\/#website"},"datePublished":"2024-09-24T12:09:26+00:00","dateModified":"2025-03-20T14:42:23+00:00","description":"Mantenimiento de instalaciones Sevilla. Servicio para todo tipo de instalaciones. Mantenimiento preventivo. Mantenimiento correctivo.","breadcrumb":{"@id":"http:\/\/manrepse.es\/index.php\/mantenimiento-de-instalaciones\/#breadcrumb"},"inLanguage":"es","potentialAction":[{"@type":"ReadAction","target":["http:\/\/manrepse.es\/index.php\/mantenimiento-de-instalaciones\/"]}]},{"@type":"BreadcrumbList","@id":"http:\/\/manrepse.es\/index.php\/mantenimiento-de-instalaciones\/#breadcrumb","itemListElement":[{"@type":"ListItem","position":1,"name":"Portada","item":"https:\/\/manrepse.es\/"},{"@type":"ListItem","position":2,"name":"Mantenimiento de instalaciones"}]},{"@type":"WebSite","@id":"http:\/\/manrepse.es\/#website","url":"http:\/\/manrepse.es\/","name":"Manrepse","description":"Manrepse","publisher":{"@id":"http:\/\/manrepse.es\/#organization"},"potentialAction":[{"@type":"SearchAction","target":{"@type":"EntryPoint","urlTemplate":"http:\/\/manrepse.es\/?s={search_term_string}"},"query-input":{"@type":"PropertyValueSpecification","valueRequired":true,"valueName":"search_term_string"}}],"inLanguage":"es"},{"@type":"Organization","@id":"http:\/\/manrepse.es\/#organization","name":"Manrepse","url":"http:\/\/manrepse.es\/","logo":{"@type":"ImageObject","inLanguage":"es","@id":"http:\/\/manrepse.es\/#\/schema\/logo\/image\/","url":"http:\/\/manrepse.es\/wp-content\/uploads\/2024\/09\/logo-copia.jpg","contentUrl":"http:\/\/manrepse.es\/wp-content\/uploads\/2024\/09\/logo-copia.jpg","width":303,"height":85,"caption":"Manrepse"},"image":{"@id":"http:\/\/manrepse.es\/#\/schema\/logo\/image\/"}}]}},"_links":{"self":[{"href":"http:\/\/manrepse.es\/index.php\/wp-json\/wp\/v2\/pages\/45","targetHints":{"allow":["GET"]}}],"collection":[{"href":"http:\/\/manrepse.es\/index.php\/wp-json\/wp\/v2\/pages"}],"about":[{"href":"http:\/\/manrepse.es\/index.php\/wp-json\/wp\/v2\/types\/page"}],"author":[{"embeddable":true,"href":"http:\/\/manrepse.es\/index.php\/wp-json\/wp\/v2\/users\/1"}],"replies":[{"embeddable":true,"href":"http:\/\/manrepse.es\/index.php\/wp-json\/wp\/v2\/comments?post=45"}],"version-history":[{"count":2,"href":"http:\/\/manrepse.es\/index.php\/wp-json\/wp\/v2\/pages\/45\/revisions"}],"predecessor-version":[{"id":86,"href":"http:\/\/manrepse.es\/index.php\/wp-json\/wp\/v2\/pages\/45\/revisions\/86"}],"wp:attachment":[{"href":"http:\/\/manrepse.es\/index.php\/wp-json\/wp\/v2\/media?parent=45"}],"curies":[{"name":"wp","href":"https:\/\/api.w.org\/{rel}","templated":true}]}}